e prime factors of 75250?
2, 5, 7, 43
What are the prime factors of 1610?
2, 5, 7, 23
What are the prime factors of 2272?
2, 71
What are the prime factors of 928?
2, 29
What are the prime factors of 10991?
29, 379
What are the prime factors of 10608?
2, 3, 13, 17
List the prime factors of 1135.
5, 227
What are the prime factors of 21703?
11, 1973
List the prime factors of 1050.
2, 3, 5, 7
List the prime factors of 315.
3, 5, 7
What are the prime factors of 23632?
2, 7, 211
List the prime factors of 91723.
37, 67
List the prime factors of 56533.
56533
What are the prime factors of 62009?
59, 1051
What are the prime factors of 2538?
2, 3, 47
What are the prime factors of 231?
3, 7, 11
What are the prime factors of 2257?
37, 61
List the prime factors of 681.
3, 227
What are the prime factors of 6234?
2, 3, 1039
List the prime factors of 856.
2, 107
What are the prime factors of 5844?
2, 3, 487
List the prime factors of 35801.
35801
What are the prime factors of 1080?
2, 3, 5
List the prime factors of 5686.
2, 2843
List the prime factors of 49958.
2, 24979
What are the prime factors of 1195?
5, 239
What are the prime factors of 66484?
2, 11, 1511
What are the prime factors of 8369?
8369
List the prime factors of 5122.
2, 13, 197
What are the prime factors of 702?
2, 3, 13
What are the prime factors of 1678?
2, 839
List the prime factors of 8191.
8191
List the prime factors of 1318.
2, 659
What are the prime factors of 46?
2, 23
List the prime factors of 28077.
3, 7, 191
What are the prime factors of 70777?
7, 10111
What are the prime factors of 17948?
2, 7, 641
What are the prime factors of 17879?
19, 941
What are the prime factors of 88842?
2, 3, 13, 17, 67
What are the prime factors of 1385?
5, 277
List the prime factors of 1451.
1451
What are the prime factors of 1473?
3, 491
What are the prime factors of 3883?
11, 353
What are the prime factors of 672?
2, 3, 7
What are the prime factors of 10131?
3, 11, 307
List the prime factors of 3893.
17, 229
List the prime factors of 18749.
18749
What are the prime factors of 1632?
2, 3, 17
What are the prime factors of 57943?
57943
List the prime factors of 61393.
29, 73
List the prime factors of 116999.
79, 1481
What are the prime factors of 2305?
5, 461
List the prime factors of 1706.
2, 853
List the prime factors of 113.
113
What are the prime factors of 31074?
2, 3, 5179
List the prime factors of 9267.
3, 3089
What are the prime factors of 30195?
3, 5, 11, 61
What are the prime factors of 16176?
2, 3, 337
List the prime factors of 5821.
5821
List the prime factors of 12324.
2, 3, 13, 79
What are the prime factors of 36023?
13, 17, 163
List the prime factors of 2132.
2, 13, 41
What are the prime factors of 523?
523
List the prime factors of 3198.
2, 3, 13, 41
What are the prime factors of 24288?
2, 3, 11, 23
List the prime factors of 4435.
5, 887
List the prime factors of 98318.
2, 11, 41, 109
What are the prime factors of 12034?
2, 11, 547
What are the prime factors of 8272?
2, 11, 47
What are the prime factors of 1519?
7, 31
What are the prime factors of 981?
3, 109
What are the prime factors of 3833?
3833
List the prime factors of 77043.
3, 61, 421
What are the prime factors of 2651?
11, 241
What are the prime factors of 5721?
3, 1907
List the prime factors of 14484.
2, 3, 17, 71
What are the prime factors of 98251?
98251
List the prime factors of 7365.
3, 5, 491
What are the prime factors of 1502?
2, 751
What are the prime factors of 1168?
2, 73
List the prime factors of 277.
277
What are the prime factors of 12390?
2, 3, 5, 7, 59
List the prime factors of 12991.
11, 1181
What are the prime factors of 6896?
2, 431
List the prime factors of 2641.
19, 139
List the prime factors of 5394.
2, 3, 29, 31
List the prime factors of 10723.
10723
What are the prime factors of 12926?
2, 23, 281
What are the prime factors of 6417?
3, 23, 31
List the prime factors of 1027.
13, 79
List the prime factors of 16956.
2, 3, 157
List the prime factors of 32764.
2, 8191
List the prime factors of 2708.
2, 677
What are the prime factors of 8966?
2, 4483
What are the prime factors of 25265?
5, 31, 163
List the prime factors of 553.
7, 79
What are the prime factors of 26877?
3, 17, 31
List the prime factors of 658.
2, 7, 47
What are the prime factors of 864?
2, 3
What are the prime factors of 4556?
2, 17, 67
List the prime factors of 1020.
2, 3, 5, 17
What are the prime factors of 60129?
3, 17, 131
What are the prime factors of 18225?
3, 5
What are the prime factors of 979?
11, 89
What are the prime factors of 16579?
59, 281
List the prime factors of 7275.
3, 5, 97
What are the prime factors of 1720?
2, 5, 43
List the prime factors of 11317.
11317
List the prime factors of 480.
2, 3, 5
List the prime factors of 17173.
13, 1321
List the prime factors of 26108.
2, 61, 107
List the prime factors of 12736.
2, 199
What are the prime factors of 279?
3, 31
What are the prime factors of 7825?
5, 313
List the prime factors of 20014.
2, 10007
What are the prime factors of 55292?
2, 23, 601
What are the prime factors of 59733?
3, 6637
What are the prime factors of 1425?
3, 5, 19
What are the prime factors of 152?
2, 19
What are the prime factors of 31555?
5, 6311
What are the prime factors of 815?
5, 163
What are the prime factors of 4133?
4133
What are the prime factors of 13665?
3, 5, 911
List the prime factors of 674.
2, 337
List the prime factors of 18004.
2, 7, 643
List the prime factors of 16612.
2, 4153
List the prime factors of 66752.
2, 7, 149
List the prime factors of 5255.
5, 1051
What are the prime factors of 2869?
19, 151
List the prime factors of 5180.
2, 5, 7, 37
What are the prime factors of 15948?
2, 3, 443
List the prime factors of 58626.
2, 3, 3257
What are the prime factors of 32773?
13, 2521
What are the prime factors of 3666?
2, 3, 13, 47
List the prime factors of 4308.
2, 3, 359
List the prime factors of 12650.
2, 5, 11, 23
What are the prime factors of 793?
13, 61
List the prime factors of 781.
11, 71
What are the prime factors of 117414?
2, 3, 11, 593
List the prime factors of 41183.
41183
List the prime factors of 96630.
2, 3, 5, 3221
What are the prime factors of 16210?
2, 5, 1621
List the prime factors of 2447.
2447
What are the prime factors of 3205?
5, 641
List the prime factors of 651.
3, 7, 31
List the prime factors of 2539.
2539
What are the prime factors of 31430?
2, 5, 7, 449
What are the prime factors of 4458?
2, 3, 743
What are the prime factors of 24193?
13, 1861
List the prime factors of 223.
223
What are the prime factors of 1263?
3, 421
What are the prime factors of 7?
7
What are the prime factors of 1927?
41, 47
What are the prime factors of 6996?
2, 3, 11, 53
List the prime factors of 21693.
3, 7, 1033
List the prime factors of 2001.
3, 23, 29
What are the prime factors of 19183?
19183
List the prime factors of 57673.
7, 11, 107
What are the prime factors of 2323?
23, 101
What are the prime factors of 4212?
2, 3, 13
List the prime factors of 24369.
3, 8123
What are the prime factors of 614?
2, 307
What are the prime factors of 7450?
2, 5, 149
What are the prime factors of 4756?
2, 29, 41
What are the prime factors of 90740?
2, 5, 13, 349
List the prime factors of 985.
5, 197
What are the prime factors of 6320?
2, 5, 79
What are the prime factors of 26273?
13, 43, 47
What are the prime factors of 8549?
83, 103
What are the prime factors of 1263?
3, 421
List the prime factors of 65362.
2, 11, 2971
What are the prime factors of 2373?
3, 7, 113
What are the prime factors of 12658?
2, 6329
List the prime factors of 76202.
2, 7, 5443
List the prime factors of 6121.
6121
List the prime factors of 510.
2, 3, 5, 17
What are the prime factors of 7292?
2, 1823
List the prime factors of 10852.
2, 2713
What are the prime factors of 36499?
17, 19, 113
What are the prime factors of 255?
3, 5, 17
List the prime factors of 462.
2, 3, 7, 11
What are the prime factors of 40088?
2, 5011
What are the prime factors of 46357?
151, 307
What are the prime factors of 395?
5, 79
List the prime factors of 37992.
2, 3, 1583
List the prime factors of 11925.
3, 5, 53
What are the prime factors of 91697?
47, 1951
What are the prime factors of 1011?
3, 337
What are the prime factors of 2086?
2, 7, 149
List the prime fa